479 - (35 - 0)
-26
What is the value of (323 - 118) + 14 - 117?
102
What is the value of 2 + -44 - ((13 - 48) + 13)?
-20
Calculate 5 + -25 + -5 + -970 + 992.
-3
What is the value of (36 - -6) + (0 - 1 - 14) + 21 + -19?
29
What is the value of 29 - (-26 + -36) - 5?
86
What is the value of ((-6 - -14) + 0 - 14) + (-1 - -6) + -14?
-15
What is the value of -13 + -18 + -7 - (-30 - 88)?
80
What is the value of -7 + -12 + 3 + 4 + (-54 - -21 - 30)?
-75
Evaluate -17 - 32 - (54 + -78).
-25
Calculate (18 + -5 + -28 + 39 - 13) + (0 - -33).
44
Calculate -30 + (35 - 6) + 74.
73
What is the value of 2 - -60 - (-8 - ((87 - 116) + (-2 - -17)))?
56
What is -12259 + 12174 + (111 - 0)?
26
What is 3 - (-10 + 25 + 25 - (-4 - -2 - 5))?
-44
Calculate -6 + -43 + -14 + (7 + -7 - -16).
-47
Evaluate -8 - (-7 + (-12 - (-10 + 4)) + 10).
-5
Evaluate 25 - (20 + (6 - 4)).
3
Calculate -1 + 8 - (-2 + 19 + -39 - -18).
11
What is the value of (-2 + 0 - 6) + (32 + -7 - -13) + 21?
51
Evaluate -16 + 43 + -4 + 34 + -76.
-19
What is (1 - (-81 - (-4 - 5))) + -8 + -3?
62
What is the value of -25 - (9 - 12 - (1 + -11) - 5)?
-27
Evaluate (6404 - 6413) + 25 + 4 + -1.
19
What is 6359 + -6392 - (-72 + -2)?
41
What is the value of (3 - 3 - 43) + (69 - (54 - -16))?
-44
What is the value of 11 - 77 - (13 + (16 - -5))?
-100
-167 + 55 + (55 - -67)
10
What is -1 + 16 + -131 + 137 + -93?
-72
What is -10 + 24 + 0 + 3?
17
-1 + -50 + 11 + (-12 - 1) + (59 - 57)
-51
What is -12 + 12 + 124 + (39 - (37 + 4))?
122
Calculate 1 + 247 + (12027 - 12156).
119
What is -100 - (81 + -140) - (-80 + 0)?
39
(22 + 0 - (191 + -178)) + 60
69
Calculate (-20 - (-24 + 5)) + (11 - (-4 - 3 - -52)).
-35
What is (-83 - -74) + (0 + -8 - -9)?
-8
1 + 5 + -37 - (-9 - -7 - 3)
-26
(17 - 66 - (-2 - 20)) + 7
-20
(-1 - -43 - (-302 - -313)) + 7 + (-1 - -2)
39
Evaluate (-28 - 7) + -36 + 31 - 22.
-62
(-607 - -588) + (3 - (3 - 1) - -122)
104
What is (18 - (-3 + (8 - -3))) + (-9 - (24 - -3))?
-26
-4 + (-7 - -10 - -5) + -92 + -6 + 3
-91
Evaluate (-13 - 189) + 64 + 21.
-117
27 + (32 - 67) + 32
24
What is -9 + -15 + (14 - -15)?
5
Evaluate -1 - (-1 - 6 - ((10 - 16) + (8 - 10))).
-2
What is 3 - 27 - (24 + -36 - 49)?
37
8 + 14 + (17 - 45 - -36)
30
What is (16 - (47 + -26 + -2)) + 56?
53
Evaluate 2 + (0 - -6) - -1 - (-47 - (-16 - -31)).
71
What is the value of -194 + 194 - (4 + -3 + 19)?
-20
What is -41 + 117 + -35 - 71?
-30
Calculate (15 - -85) + -28 - (8 - 17).
81
Calculate 212 + -9 + -163 + (-1 - 0 - 12).
27
What is the value of -10 + 6 + -16 + (-2 + 11 - (200 + -143))?
-68
What is 4 + 3 - (88 - (0 + -23 + 18))?
-86
Evaluate -6 - 11 - (2 + 14 + -25) - 31.
-39
Evaluate -22 + -10 + 37 + (0 - 8) - 14.
-17
What is the value of (-13 - -1 - (-66 + 66)) + (113 - -1)?
102
What is the value of -1 - (0 + -10) - (-11 + (12 - -61))?
-53
What is 1 + -5 - -63 - (2378 + -2418)?
99
What is 5 + -28 + -12 + -20 + -47?
-102
What is the value of (-12 - (-5 + 2)) + -2 + (97 - 91)?
-5
What is the value of 2 + (3 - 10) + (-12 - -12) + 25?
20
What is -22 - (-17 - -9) - 54 - (2 - 0 - -6)?
-76
(0 - -3) + -934 + 889
-42
(9 + 4 + 0 - (-10 - 76)) + -3 + -3
93
Evaluate -12 - 53 - (134 + -281).
82
What is the value of (-4 - 11) + 54 - (12 + -16)?
43
Evaluate 191 + -8 + -97 - 41.
45
49 + -4428 + 4449 + (1 - (15 - 1))
57
Calculate -52 + 13 + 19 - (0 + 40).
-60
Evaluate 58 + -53 + ((-2 - 0) + 1 - -39).
43
(-177 - -48 - -79) + -22
-72
Calculate -9 + (-13 - (-26 - 9)) + -30.
-17
Calculate -4 + -17 + (-47 - (-102 - -58)).
-24
What is -48 + 28 + 41 - 36?
-15
Evaluate -732 + 751 + 21 + -6 + 2.
36
12 + 0 + -1 - (-1307 + 1325) - 100
-107
What is the value of 23 + 1 + -5 + (-1 - -8)?
26
Evaluate -100 + 44 + 33 + -39.
-62
Evaluate -14 + 14 + -9 + 2 + (2 - 0).
-5
What is the value of (242 - 239 - -11) + (2 - 1) + -8?
7
What is 35 + (-26 - 36) - (-101 + -2)?
76
What is 11 + (20 - (-25 + 172 + (-28 - -13)))?
-101
What is -5 + -10 + -26 + 34 + (1 - 2 - -52)?
44
Evaluate -4 + 12 + (-14 - 5) - (-9 + -2) - 26.
-26
What is the value of 36 + (7 - (0 + -11 + 11 + 15)) + 9?
37
31 + 71 - 102 - (0 - 9)
9
Evaluate -4 - (11 + -3 - 9 - (-82 + 16 + -18)).
-87
What is -66 - (25 - 49) - -80?
38
(8 + -8 - -3 - 2 - 1) + 6 + 61
67
What is -26 + (1 + -10 - (-17 + (7 - -2))) + -7?
-34
4 + 5 + -47 + (40 - -37)
39
Evaluate 56 - (10 + -7 + 115).
-62
What is the value of 37 - (31 + 7 + -2)?
1
Calculate (-7 + 1 - (1 - 14)) + 47 - 13.
41
What is the value of 83 - (-36 - (0 + -27))?
92
What is the value of (-1 + -14 - 3) + -420 + 428?
-10
What is the value of -63 + (-3 - -87) + -54?
-33
What is 62 + -3 + -2131 + 2169?
97
Calculate 3 + (4 + -27 + -1 - (3 + (17 - 28))).
-13
Calculate -16 - (-7 - (-23 + (0 - -9) - -16)).
-7
Evaluate 16 + -22 + 3 + (5 - 1) + (-34 - 8).
-41
10 + -22 + 23 + (-10 - (4 + -21))
18
Evaluate (-6 + 0 - (-5 - -1)) + 259 + -187.
70
Calculate (43 - 12) + -13 + -26.
-8
What is the value of 23 + (0 + -22 - (462 - 438))?
-23
What is (22 - (8 + -23 - -18)) + (-7 - (3 - 5))?
14
Evaluate 1 + -62 + 70 - (-18 - -1).
26
Calculate (4 - 0) + (-19 + -2 - (5036 - 5012)).
-41
94 + -83 + -15 - -71
67
What is (27 - 18 - -17) + -12 + 31?
45
Evaluate -76 + (-35 - -88) + -37 - 49.
-109
What is the value of 23 + 168 + -55 + -94 + (0 - 26)?
16
(-3275 - -1619) + 1657 - (-1 + (1 - 0) + -144)
145
What is -27 - (-56 + 74) - 6?
-51
Calculate -3 - (-2 - 24) - (829 - 782) - 92.
-116
What is (0 - 20 - -1) + (5 - 78) + (9 - -62)?
-21
Calculate -12 + 1 + (-52 - (5 + -70)) - 23.
-21
Evaluate 3 + -11 + 25 - 66 - -29.
-20
(18 - 9) + 6 - (204 + -125)
-64
Evaluate 10 - ((7 - 4) + (-26 - (4 - 18))).
19
What is the value of (-21 - -22) + (2 - (-17 + (8 - 1))) + 42?
55
What is 0 + -1 - (4 - (25 + -9 - 12))?
-1
What is -1 + -12 + 1 - (5 + -16 + 10 + -4)?
-7
Calculate (12 - -3 - (22 + -7)) + (6 - -19) + -3.
22
What is -15 + -5 - -5 - 3 - -7?
-11
64 + (0 - -1) + 96 + -77 + -17
67
(3 - (-21 - (-5 - (1 + 12)))) + 69
75
Calculate (72 - (12 + -8)) + 109 + -108 + (2 - -3).
74
What is 4 + 3 + -17 + 3 + 3 + 23 - -3?
22
What is the value of (0 + -6 - 9) + (7 - 50 - -1)?
-57
(27 - 55) + -1 + 67
38
Calculate -41 - -14 - -88 - -55.
116
33 - ((6 - -28) + -29)
28
What is 1 + -7 + -1 + 5750 + -5721?
22
What is 14 + (-26 - -23) + -10 + (38 - -2)?
41
182 + 14 + -93 + -228
-125
What is 24 + (27 - (20 + -7) - 24) + -4?
10
What is the value of (-29 - -6) + 20 + 2?
-1
What is the value of -3 + (-1 - -5) + -8 - (-1 + -3 + 66)?
-69
Calculate 14 - ((6 - 20) + (63 - 30)).
-5
Calculate 8 - (22 + 16 + -43 - -15 - (106 + 1)).
105
What is the value of (31 - 19) + (2 - 26 - -8)?
-4
Calculate (-2 - (-20 + (30 - 23))) + (0 - -1 - -4).
16
What is -63 + (16 - -55) - (-1 + 7)?
2
-18 - 0 - (-434 + 440)
-24
Evaluate 16 - 0 - (20 + -39 + 39) - (1 + -5).
0
(34 - 44) + (10 + -22 - (-7 - 24))
9
What is the value of -3 - 8 - (40 - 31 - (3 - -36))?
19
Evaluate 4 - (-21 + 11 + 16 + 15 - 7) - -52.
42
What is the value of 221 - 272 - (21 + -183)?
111
What is -107 - ((-4 - -52) + -59)?
-96
0 + -30 + (-4 - -3 - -21)
-10
Calculate -6 - (2 + (1 - 2) + 9 + -1).
-15
What is (3953 - 3949) + (-54 - (0 - 0))?
-50
-54 + -13 + -17 + 37
-47
Calculate (1 + 0 - 4 - -2) + 8 - (-22073 + 22029).
51
What is the value of 1586 - 1554 - (2 - -37)?
-7
What is -4 + 0 - (10 - 16) - (-170 + 147)?
25
Calculate 1 + (-2 + -1 - ((-160 - -175) + (-62 - -1))).
44
-7 - (-13 + 18 + 13 - 15)
-10
Evaluate (-1 - (2 + -7)) + -3552 + 3516.
-32
-434 - -451 - (-3 + 1 - (-1 + 6))
24
Evaluate 20 + (-16 + 3 - -14 - -6).
27
-8 - ((9 - 2) + 3 + 0 + -1 + -1)
-16
What is 25 + 2 + -14 + -1 + 6 + -6?
12
Evaluate -26 - -58 - (16 - -41).
-25
What is the value of -1 + (-4 - 7) - ((3 - -4) + 5)?
-24
Evaluate -9 - (-2 - -1 - -5 - (-2 - -12)).
-3
Calculate -8 - (-6 - (12 + 32 + -61) - (2 - 103)).
-120
What is the value of 44 + (76 - 92 - 105)?
-77
-32 + (0 - 11) + 24 + -3 + -1
-23
(9 - 0) + 1 + -2 - ((8 - 33) + -17)
50
(6 - 124) + 515 + -518
-121
Calculate -1 - (0 - 0) - (-233 + 446 + -214).
0
8 - ((1 - -11) + (7 - 22) + 13 + -28)
26
What is the value of (-4 - 7) + (-33 - (-22 + -52))?
30
Evaluate (6 - (-1 + -14 + 6 + 14)) + -6 + 37.
32
Calculate 56 + -66 + 96 + -43.
43
What is (184 - 204) + 4 + 14 - ((0 - -3) + -57)?
52
What is the value of 0 + -1 + 2 - (-10 + 69 + (-65 - -33))?
-26
-16 + -2 + 2010 + -1930
62
Evaluate 64 + -10 - (-